8. What are the prime factors of k(18)?
2, 41
Let p(l) = -2 + 0*l**2 + 10*l - 16*l + l**2. Let c be p(7). Suppose 4*w = -c*k + 10, 2*w - 16 = -0*w + 3*k. List the prime factors of w.
5
Let t = -20 - -40. List the prime factors of -1*3/(-12)*t.
5
What are the prime factors of (-4)/(-10) - (-466)/10?
47
Suppose -2*l = l - 36. List the prime factors of (l/(-10))/((-14)/245).
3, 7
Suppose 0 = -5*a - 5*m + 70, -4*a + 4 + 62 = 2*m. Suppose -48 = -4*n + 2*v, 3*n + v - 55 = -a. What are the prime factors of n?
2, 3
Let h = 1 - 10. Let a(w) = 2*w - 2. Let z be a(2). What are the prime factors of (-303)/(-27) + z/h?
11
Suppose -24 = 4*q - 7*q. Suppose 4*b - 18 = 2*w - 7*w, 6 = w + 2*b. Suppose q = w*m - 6. List the prime factors of m.
7
Let o(r) = -r**2 + 8*r - 8. Let a be o(7). Let m be (a - -2)/((-1)/(-2)). Suppose -2*h = -3*y - 6, -m*y = -4*y. List the prime factors of h.
3
Let p(l) = -l**2 - 4*l - 1. Let j be p(-2). Let i = 13 - j. List the prime factors of i.
2, 5
Suppose 5*b = 246 + 114. What are the prime factors of b/3 + 2/1?
2, 13
Let u = -162 + 299. What are the prime factors of u?
137
List the prime factors of 18 + -1 + 2 + 2.
3, 7
Suppose -9*t - 582 = -15*t. List the prime factors of t.
97
Suppose -o = -4*n - 11 + 3, -2*n = 5*o - 18. Suppose -4*z + 7*z = 9. Suppose -z = -i + o. List the prime factors of i.
7
List the prime factors of (-2)/3*((-4878)/12 + 3).
269
Let g be ((-8)/6)/((-18)/27). Suppose 2*y - 10 + g = 0. What are the prime factors of y?
2
Let i(b) = -b**3 - 13*b**2 - b - 11. Let p be i(-13). Suppose 0*m - p = -3*g - 2*m, 2*g + 2 = -2*m. What are the prime factors of g?
2
Suppose -f - 4 = -3*f + r, 2*f - 5*r + 12 = 0. List the prime factors of f.
2
List the prime factors of 1930/18 + 2/(-9).
107
Suppose -4*a + 3 + 5 = 0. Let r be (38/(-4))/((-1)/a). Let x = 28 - r. List the prime factors of x.
3
Let b(h) be the second derivative of h**4/12 - 2*h**3/3 + 5*h**2/2 + h. Let f(y) = y + 16. Let a be f(-11). What are the prime factors of b(a)?
2, 5
Let o be 19 + (1 + -3)/1. Suppose -2*p - 7 = -o. List the prime factors of p.
5
Suppose 0 = 5*o - 4*g - 41, -2*o + 33 = 3*o - 2*g. Suppose y = 10 + o. What are the prime factors of y?
3, 5
Let b(x) = -2*x + 1. Let r be b(-2). Let s(i) = i**2 - 4*i - 6. Let g be s(r). Let o = 6 - g. What are the prime factors of o?
7
Suppose 5*p - 1573 = -8*p. What are the prime factors of p?
11
Let o(q) = 12*q - 46. List the prime factors of o(16).
2, 73
Suppose -i - 13 = 4*q + 16, -q - 14 = -2*i. Let r = q - -14. List the prime factors of r.
2, 3
Suppose 0 = -d - 3*k + 33, 0 = 3*d + 5*k - 31 - 72. Suppose -d = -4*t + 16. What are the prime factors of t?
13
Suppose -1119 = -5*j - 3*h + h, 5*j + 5*h - 1110 = 0. List the prime factors of j.
3, 5
Suppose 2*s - 5 = 17. What are the prime factors of s?
11
List the prime factors of (-4)/(-6) + ((-1069)/(-3) - 3).
2, 3, 59
Suppose v - 9 = 25. What are the prime factors of v?
2, 17
Suppose -5*j = -j - 40. Let g = 21 - j. What are the prime factors of g?
11
Let g be (1 + 44 - -1) + 1. Let w = g - 24. List the prime factors of w.
23
List the prime factors of 12/(-16) + (-3657)/(-12)*1.
2, 19
Suppose s = -3*s + 20. Suppose -k + s*k = 60. List the prime factors of k.
3, 5
Let w(z) = z**3 + 10*z**2 + 7*z + 12. What are the prime factors of w(-7)?
2, 5, 11
Suppose 2*d = -f + 27, -3*f + f = -2. Suppose 3*i + 1 = q - 6, -i = -3*q + d. List the prime factors of q.
2
What are the prime factors of ((-120)/(-75))/((-4)/(-30))?
2, 3
Suppose 0*m = -4*m - 16, 0 = v + 3*m + 23. Let g = v - -14. List the prime factors of g.
3
Suppose 3*a + 3*t - 248 = 2*t, -5*a = -3*t - 390. What are the prime factors of a?
3
List the prime factors of 14/21*(92 - 2).
2, 3, 5
Let z(l) be the second derivative of -l**4/12 - 2*l**3 - 2*l**2 + l. Suppose 0 = 5*w + 62 - 12. List the prime factors of z(w).
2
Let u = -19 + 32. Suppose 0 = j + 2*j - 5*n - u, j - 4*n + 5 = 0. List the prime factors of j.
11
Let v(i) = -5*i - 4. Let z be v(-5). Suppose -s + 0 = 1, 4*a - z = s. Suppose -2*w + 26 = -5*p, -70 = -a*w + w + p. List the prime factors of w.
2, 3
Let b = 16 + 15. What are the prime factors of b?
31
Let g = -2 - -6. Let d(l) = l**2 - 3*l + 2. Let x be d(g). List the prime factors of (9/x)/((-6)/(-40)).
2, 5
Suppose 2*q - 12 = -h, 5*h + 6 = -q + 30. Let a(r) = 1 - 2*r + 2 + 0 + r**2. List the prime factors of a(q).
11
Let w(r) = -r**2 - 6*r. Let j be w(-5). Suppose 4*y - j*l - 30 = 49, -4*y = 3*l - 87. What are the prime factors of y?
3, 7
Suppose 0 = 5*o - i + 15 + 59, 5*o + 72 = 3*i. What are the prime factors of 5*(144/o)/(-4)?
2, 3
Let g be (-3)/(6/4) - -4. Let i(v) = v**3 - 2*v - 1. Let d be i(g). Suppose -6*j + 2*j + 24 = d*w, 0 = -4*w - 4*j + 36. List the prime factors of w.
2, 3
Suppose -z + 24 = -4*z. What are the prime factors of 39/4 - 2/z?
2, 5
Let r(f) = 11*f + 5. Let t be r(4). Suppose 9 = -2*v + t. List the prime factors of v.
2, 5
Let r = 1 - -2. Let t(l) be the second derivative of l**4/6 - 2*l**3/3 + 3*l**2/2 - 2*l. List the prime factors of t(r).
3
Let h = -23 - -23. Let j(r) = 82*r**2 - 1. Let a be j(-1). Suppose 3*i - 67 = 5*t, -4*i + 5*t = -h*i - a. What are the prime factors of i?
2, 7
Suppose h - 14 = -1. Let k = h + -11. Let d(w) = 5*w**2 + 3*w - 3. List the prime factors of d(k).
23
Suppose 5*b - 1 = 9. Suppose -b*d + 99 = d. What are the prime factors of d?
3, 11
Let d be (10/(-20))/((-1)/80). Suppose -3*k = -7*k + d. What are the prime factors of k?
2, 5
List the prime factors of 35/4*(-88)/(-11).
2, 5, 7
Suppose 6*b = 8*b - 6. List the prime factors of b.
3
Suppose -2450 = -8*s - 290. What are the prime factors of s?
2, 3, 5
Suppose -o = n - 10, -2*o + 5*o - 3*n = 18. Suppose -o = l - 3*x - 25, 2*l + x + 1 = 0. Suppose 7 = l*f - f. List the prime factors of f.
7
Let j be 1/4 + 168/(-32). Let l(o) = 2*o**2 + o - 9. List the prime factors of l(j).
2, 3
Let z be ((-6)/5)/((-3)/10). Let k(t) = -z*t**2 + t**3 + 6*t**2 + 3 - 4*t - 2*t**2. List the prime factors of k(3).
2, 3
Suppose 825 = 9*o - 2190. List the prime factors of o.
5, 67
Suppose -j - j = -6, -5*j = -s - 294. Let i = 7 - 1. What are the prime factors of i/(-21) + s/(-21)?
13
Suppose -18*u + 3405 + 789 = 0. List the prime factors of u.
233
Suppose 66 = 4*p - 22. Suppose 0*g + 20 = -2*g - 2*a, -a = -5*g - 56. Let r = p + g. List the prime factors of r.
11
Suppose 2*f - 17 = f + 5*h, 3*f + 2*h = 0. Suppose -5*j = -5*s + 40, 6*j = -5*s + 2*j + 85. Let o = s - f. List the prime factors of o.
11
Suppose -2*b + 2 = 22. What are the prime factors of (18/b)/((-15)/50)?
2, 3
Let x be -4 + (3 + -2 - 9). Let b(q) = q**2 + 11*q + 16. What are the prime factors of b(x)?
2, 7
List the prime factors of (-12)/30 - (-47)/5.
3
Suppose -540 = -17*b + 12*b. What are the prime factors of b?
2, 3
Suppose 6*c - 285 = c. What are the prime factors of c?
3, 19
Let b(a) = 3*a**3 + 3*a**2 - 2. Let q(c) = -c**3 - c**2 - c - 1. Let v(w) = -b(w) - 2*q(w). What are the prime factors of v(-3)?
2
Let t = 3 - -116. What are the prime factors of t?
7, 17
Let i(g) = g**2. Let q be i(2). Suppose 4*r - 88 = -q*n, 3*n = -n + 4*r + 112. Let z = n - 13. List the prime factors of z.
2, 3
Suppose z - 3*x - 24 = -5, 0 = z - 5*x - 29. Suppose 16 + z = 5*a. What are the prime factors of a?
2
Let o = 2 + -2. Let h = o + -2. Let v = h + 7. What are the prime factors of v?
5
Let z be (2 - 1) + 2 + 2. Suppose 4*b - 16 = j - 45, -z*j + 3*b = -60. List the prime factors of j.
3
Let i(t) = 35*t**2 - 7*t - 5. Let j(c) = -52*c**2 + 10*c + 7. Let b(w) = 7*i(w) + 5*j(w). Let q be b(1). Let v = -7 - q. List the prime factors of v.
7
Suppose 5*l = -4*g + 128, 0 = 3*g - 0*g + 9. List the prime factors of (l/10)/(2/10).
2, 7
Let h = 2 + -5. Let o be h/2*-2 - 2. Let a = o - -3. What are the prime factors of a?
2
What are the prime factors of ((-665)/76)/((-1)/16)?
2, 5, 7
Suppose -5*f + 79 = d - 4*f, 4*f = d - 59. List the prime factors of d.
3, 5
Let b(r) = r**3 + 4*r**2 + 7*r + 11. List the prime factors of b(5).
271
Let o(s) = -s**3 + 7*s**2 + 10*s - 4. Let v(c) = -2*c**3 - 2*c**2 - c. Let w be v(-1). Let q be w - 1*(-9 - -2). List the prime factors of o(q).
2, 3
Suppose a = -a + 14. Let l = a + -3. Suppose l*m = 2*m + 8. List the prime factors of m.
2
Let m = 101 + -4. L